{"id":35,"date":"2022-02-06T15:31:39","date_gmt":"2022-02-06T14:31:39","guid":{"rendered":"http:\/\/sculptures-monumentales.eu\/?page_id=35"},"modified":"2023-02-09T12:12:48","modified_gmt":"2023-02-09T11:12:48","slug":"acces-et-transport","status":"publish","type":"page","link":"https:\/\/sculptures-monumentales.eu\/index.php\/acces-et-transport\/","title":{"rendered":"Acc\u00e8s et transport"},"content":{"rendered":"\n<div class=\"wp-block-columns alignwide is-layout-flex wp-container-core-columns-is-layout-9d6595d7 wp-block-columns-is-layout-flex\">\n<div class=\"wp-block-column is-layout-flow wp-block-column-is-layout-flow\">\n<h3 class=\"has-text-color wp-block-heading\" style=\"color:#0a7c84\">En voiture<\/h3>\n\n\n\n<h5 class=\"wp-block-heading\">Venant de Bruxelles<\/h5>\n\n\n\n<p>E19 et E429 en direction de Pav\u00e9 de Soignies\/N55 \u00e0 Silly.&nbsp;<\/p>\n\n\n\n<p>Prendre la sortie Enghien et quitter E429 apr\u00e8s une vingtaine de minutes (27,2 km)<\/p>\n\n\n\n<p>Suivre N55 en direction de Soignies<\/p>\n\n\n\n<h5 class=\"wp-block-heading\">Venant de Mons<\/h5>\n\n\n\n<p>E19 en direction de Bruxelles<\/p>\n\n\n\n<p>Prendre la sortie 23-Ath vers Soignies<\/p>\n\n\n\n<p>Rejoindre Rue Grande\/N6<\/p>\n\n\n\n<p>Continuer de suivre N6 pendant 7,6 km<\/p>\n\n\n\n<p>Au rond-point, prendre la 2e sortie sur Chauss\u00e9e DE BRUXELLES\/N6<\/p>\n\n\n\n<h5 class=\"wp-block-heading\">Venant de Namur\/Charleroi<\/h5>\n\n\n\n<p>Suivre E42 en direction de N57 \u00e0 Le Roeulx<\/p>\n\n\n\n<p>Rejoindre E42<\/p>\n\n\n\n<p>\u00c0 l\u2019\u00e9changeur La Louvi\u00e8re, serrer \u00e0 droite et suivre A501 en direction de N57b\/SOIGNIES\/BRAINE-LE-COMTE\/Bruxelles\/Bois \u010fHaine<\/p>\n\n\n\n<p>Suivre N57 et N6 en direction de Soignies<\/p>\n<\/div>\n\n\n\n<div class=\"wp-block-column is-layout-flow wp-block-column-is-layout-flow\">\n<h3 class=\"has-text-color wp-block-heading\" style=\"color:#0a7c84\">En train<\/h3>\n\n\n\n<p>Gare de Soignies <\/p>\n\n\n\n<p>Toutes infos sur lignes et horaires sur le site&nbsp;<a rel=\"noreferrer noopener\" href=\"http:\/\/www.belgianrail.be\/en\/Splash.aspx?ReturnUrl=http3:2\/2\/www.belgianrail.be2\/en2\/Default.aspx\" target=\"_blank\">www.belgianrail.be<\/a><\/p>\n\n\n\n<h3 class=\"has-text-color wp-block-heading\" style=\"color:#0a7c84\">En bus<\/h3>\n\n\n\n<p>Soignies : arr\u00eats Gare et Belle Vue<\/p>\n\n\n\n<p>Toutes infos sur lignes et horaires sur le site&nbsp;<a rel=\"noreferrer noopener\" href=\"http:\/\/www.infotec.be\/\" target=\"_blank\">www.infotec.be<\/a><\/p>\n\n\n\n<div style=\"height:50px\" aria-hidden=\"true\" class=\"wp-block-spacer\"><\/div>\n\n\n\n<h2 class=\"has-text-color wp-block-heading\" style=\"color:#0a7c84\">Parkings<\/h2>\n\n\n\n<p>Parking La salamandre (Boulevard Roosevelt)<\/p>\n\n\n\n<p>Parking de La Poste (Boulevard Roosevelt)<\/p>\n\n\n\n<iframe src=\"https:\/\/www.google.com\/maps\/embed?pb=!1m18!1m12!1m3!1d2533.6129003696174!2d4.06697701564318!3d50.57856058600676!2m3!1f0!2f0!3f0!3m2!1i1024!2i768!4f13.1!3m3!1m2!1s0x47c24c9d41c89017%3A0xedd12f8979eaa7e5!2sCentre%20Culturel%20de%20Soignies!5e0!3m2!1sfr!2sbe!4v1675938394238!5m2!1sfr!2sbe\" width=\"600\" height=\"450\" style=\"border:0;\" allowfullscreen=\"\" loading=\"lazy\" referrerpolicy=\"no-referrer-when-downgrade\"><\/iframe>\n<\/div>\n<\/div>\n","protected":false},"excerpt":{"rendered":"<p>En voiture Venant de Bruxelles E19 et E429 en direction de Pav\u00e9 de Soignies\/N55 \u00e0 Silly.&nbsp; Prendre la sortie Enghien et quitter E429 apr\u00e8s une vingtaine de minutes (27,2 km) Suivre N55 en direction de Soignies Venant de Mons E19 en direction de Bruxelles Prendre la sortie 23-Ath vers Soignies Rejoindre Rue Grande\/N6 Continuer de [&hellip;]<\/p>\n","protected":false},"author":1,"featured_media":0,"parent":0,"menu_order":0,"comment_status":"closed","ping_status":"closed","template":"","meta":{"footnotes":""},"class_list":["post-35","page","type-page","status-publish","hentry"],"_links":{"self":[{"href":"https:\/\/sculptures-monumentales.eu\/index.php\/wp-json\/wp\/v2\/pages\/35","targetHints":{"allow":["GET"]}}],"collection":[{"href":"https:\/\/sculptures-monumentales.eu\/index.php\/wp-json\/wp\/v2\/pages"}],"about":[{"href":"https:\/\/sculptures-monumentales.eu\/index.php\/wp-json\/wp\/v2\/types\/page"}],"author":[{"embeddable":true,"href":"https:\/\/sculptures-monumentales.eu\/index.php\/wp-json\/wp\/v2\/users\/1"}],"replies":[{"embeddable":true,"href":"https:\/\/sculptures-monumentales.eu\/index.php\/wp-json\/wp\/v2\/comments?post=35"}],"version-history":[{"count":10,"href":"https:\/\/sculptures-monumentales.eu\/index.php\/wp-json\/wp\/v2\/pages\/35\/revisions"}],"predecessor-version":[{"id":238,"href":"https:\/\/sculptures-monumentales.eu\/index.php\/wp-json\/wp\/v2\/pages\/35\/revisions\/238"}],"wp:attachment":[{"href":"https:\/\/sculptures-monumentales.eu\/index.php\/wp-json\/wp\/v2\/media?parent=35"}],"curies":[{"name":"wp","href":"https:\/\/api.w.org\/{rel}","templated":true}]}}