{"id":31,"date":"2022-02-06T15:31:20","date_gmt":"2022-02-06T14:31:20","guid":{"rendered":"http:\/\/sculptures-monumentales.eu\/?page_id=31"},"modified":"2026-01-27T10:49:55","modified_gmt":"2026-01-27T09:49:55","slug":"infos","status":"publish","type":"page","link":"https:\/\/sculptures-monumentales.eu\/index.php\/infos\/","title":{"rendered":"Infos pratiques"},"content":{"rendered":"\n<p class=\"has-text-align-center\">Les septi\u00e8mes \u00ab\u00a0Rencontres internationales de Sculpture monumentale\u00a0\u00bb auront lieu du 10 ao\u00fbt au 29 ao\u00fbt 2026 en \u00e9troit partenariat avec les \u00ab\u00a0Carri\u00e8res du Hainaut\u00a0\u00bb, \u00ab\u00a0La Pierre bleue belge\u00a0\u00bb et le \u00ab\u00a0P\u00f4le de la Pierre\u00a0\u00bb (AWaP).<\/p>\n\n\n\n<p><\/p>\n\n\n\n<h2 class=\"wp-block-heading has-text-align-center has-text-color\" style=\"color:#0a7c84\">Contact &nbsp;<\/h2>\n\n\n\n<div class=\"wp-block-columns alignwide are-vertically-aligned-center is-layout-flex wp-container-core-columns-is-layout-9d6595d7 wp-block-columns-is-layout-flex\">\n<div class=\"wp-block-column is-vertically-aligned-center is-layout-flow wp-block-column-is-layout-flow\">\n<iframe src=\"https:\/\/www.google.com\/maps\/embed?pb=!1m18!1m12!1m3!1d2533.6129003696174!2d4.06697701564318!3d50.57856058600676!2m3!1f0!2f0!3f0!3m2!1i1024!2i768!4f13.1!3m3!1m2!1s0x47c24c9d41c89017%3A0xedd12f8979eaa7e5!2sCentre%20Culturel%20de%20Soignies!5e0!3m2!1sfr!2sbe!4v1675938394238!5m2!1sfr!2sbe\" width=\"600\" height=\"450\" style=\"border:0;\" allowfullscreen=\"\" loading=\"lazy\" referrerpolicy=\"no-referrer-when-downgrade\"><\/iframe>\n<\/div>\n\n\n\n<div class=\"wp-block-column is-vertically-aligned-center is-layout-flow wp-block-column-is-layout-flow\">\n<p class=\"has-text-align-center has-primary-color has-text-color\"><strong>Centre culturel de Soignies<\/strong><\/p>\n\n\n\n<p class=\"has-text-align-center\">Place Van Zeeland, 31<br>B-7060 Soignies<br>067 347 428<\/p>\n\n\n\n<p class=\"has-text-align-center\"><a href=\"mailto:info@soignies-culture.be\">info@soignies-culture.be <\/a><\/p>\n<\/div>\n<\/div>\n\n\n\n<div style=\"height:50px\" aria-hidden=\"true\" class=\"wp-block-spacer\"><\/div>\n","protected":false},"excerpt":{"rendered":"<p>Les septi\u00e8mes \u00ab\u00a0Rencontres internationales de Sculpture monumentale\u00a0\u00bb auront lieu du 10 ao\u00fbt au 29 ao\u00fbt 2026 en \u00e9troit partenariat avec les \u00ab\u00a0Carri\u00e8res du Hainaut\u00a0\u00bb, \u00ab\u00a0La Pierre bleue belge\u00a0\u00bb et le \u00ab\u00a0P\u00f4le de la Pierre\u00a0\u00bb (AWaP). Contact &nbsp; Centre culturel de Soignies Place Van Zeeland, 31B-7060 Soignies067 347 428 info@soignies-culture.be<\/p>\n","protected":false},"author":1,"featured_media":0,"parent":0,"menu_order":0,"comment_status":"closed","ping_status":"closed","template":"","meta":{"footnotes":""},"class_list":["post-31","page","type-page","status-publish","hentry"],"_links":{"self":[{"href":"https:\/\/sculptures-monumentales.eu\/index.php\/wp-json\/wp\/v2\/pages\/31","targetHints":{"allow":["GET"]}}],"collection":[{"href":"https:\/\/sculptures-monumentales.eu\/index.php\/wp-json\/wp\/v2\/pages"}],"about":[{"href":"https:\/\/sculptures-monumentales.eu\/index.php\/wp-json\/wp\/v2\/types\/page"}],"author":[{"embeddable":true,"href":"https:\/\/sculptures-monumentales.eu\/index.php\/wp-json\/wp\/v2\/users\/1"}],"replies":[{"embeddable":true,"href":"https:\/\/sculptures-monumentales.eu\/index.php\/wp-json\/wp\/v2\/comments?post=31"}],"version-history":[{"count":7,"href":"https:\/\/sculptures-monumentales.eu\/index.php\/wp-json\/wp\/v2\/pages\/31\/revisions"}],"predecessor-version":[{"id":470,"href":"https:\/\/sculptures-monumentales.eu\/index.php\/wp-json\/wp\/v2\/pages\/31\/revisions\/470"}],"wp:attachment":[{"href":"https:\/\/sculptures-monumentales.eu\/index.php\/wp-json\/wp\/v2\/media?parent=31"}],"curies":[{"name":"wp","href":"https:\/\/api.w.org\/{rel}","templated":true}]}}

<p class="has-text-align-center">Les septièmes « Rencontres internationales de Sculpture monumentale » auront lieu du 10 août au 29 août 2026 en étroit partenariat avec les « Carrières du Hainaut », « La Pierre bleue belge » et le « Pôle de la Pierre » (AWaP).</p>



<p></p>



<h2 class="wp-block-heading has-text-align-center has-text-color" style="color:#0a7c84">Contact &nbsp;</h2>



<div class="wp-block-columns alignwide are-vertically-aligned-center is-layout-flex wp-container-core-columns-is-layout-9d6595d7 wp-block-columns-is-layout-flex">
<div class="wp-block-column is-vertically-aligned-center is-layout-flow wp-block-column-is-layout-flow">
<iframe src="https://www.google.com/maps/embed?pb=!1m18!1m12!1m3!1d2533.6129003696174!2d4.06697701564318!3d50.57856058600676!2m3!1f0!2f0!3f0!3m2!1i1024!2i768!4f13.1!3m3!1m2!1s0x47c24c9d41c89017%3A0xedd12f8979eaa7e5!2sCentre%20Culturel%20de%20Soignies!5e0!3m2!1sfr!2sbe!4v1675938394238!5m2!1sfr!2sbe" width="600" height="450" style="border:0;" allowfullscreen="" loading="lazy" referrerpolicy="no-referrer-when-downgrade"></iframe>
</div>



<div class="wp-block-column is-vertically-aligned-center is-layout-flow wp-block-column-is-layout-flow">
<p class="has-text-align-center has-primary-color has-text-color"><strong>Centre culturel de Soignies</strong></p>



<p class="has-text-align-center">Place Van Zeeland, 31<br>B-7060 Soignies<br>067 347 428</p>



<p class="has-text-align-center"><a href="mailto:info@soignies-culture.be">info@soignies-culture.be </a></p>
</div>
</div>



<div style="height:50px" aria-hidden="true" class="wp-block-spacer"></div>

<p>Les septièmes « Rencontres internationales de Sculpture monumentale » auront lieu du 10 août au 29 août 2026 en étroit partenariat avec les « Carrières du Hainaut », « La Pierre bleue belge » et le « Pôle de la Pierre » (AWaP). Contact &nbsp; Centre culturel de Soignies Place Van Zeeland, 31B-7060 Soignies067 347 428 info@soignies-culture.be</p>
