{"id":23,"date":"2022-02-06T15:30:42","date_gmt":"2022-02-06T14:30:42","guid":{"rendered":"http:\/\/sculptures-monumentales.eu\/?page_id=23"},"modified":"2026-01-27T10:37:40","modified_gmt":"2026-01-27T09:37:40","slug":"sculpteurs-au-travail","status":"publish","type":"page","link":"https:\/\/sculptures-monumentales.eu\/index.php\/sculpteurs-au-travail\/","title":{"rendered":"Sculpteurs au travail"},"content":{"rendered":"\n<p>Les 7\u00e8mes \u00ab\u00a0Rencontres internationales de Sculpture monumentale\u00a0\u00bb accueilleront, en 2026, six sculpteurs qui cr\u00e9eront, chacun et trois semaines durant, une oeuvre monumentale extraite d\u2019un bloc de pierre issu des carri\u00e8res son\u00e9giennes.<\/p>\n\n\n\n<p class=\"has-text-align-left\">Lors de l&#8217;\u00e9dition 2023, 18 candidat.e.s issu.e.s des 4 coins du monde avaient d\u00e9pos\u00e9 leur candidature pour cette \u00e9dition. Vu la qualit\u00e9 des projets d\u00e9pos\u00e9s, le travail du jury a \u00e9t\u00e9 particuli\u00e8rement difficile. Les artistes s\u00e9lectionn\u00e9.e.s pour 2023 nous venaient d\u2019Espagne, d\u2019Iran, d&#8217;Allemagne, de France et de Belgique.<\/p>\n\n\n\n<div style=\"height:50px\" aria-hidden=\"true\" class=\"wp-block-spacer\"><\/div>\n\n\n\n<h2 class=\"wp-block-heading\">Sylvain PATTE (Belgique)<\/h2>\n\n\n<div class=\"wp-block-image\">\n<figure class=\"aligncenter size-full\"><img loading=\"lazy\" decoding=\"async\" width=\"300\" height=\"300\" src=\"http:\/\/sculptures-monumentales.eu\/wp-content\/uploads\/2023\/04\/Sylvain-Patte.jpg\" alt=\"\" class=\"wp-image-397\" srcset=\"https:\/\/sculptures-monumentales.eu\/wp-content\/uploads\/2023\/04\/Sylvain-Patte.jpg 300w, https:\/\/sculptures-monumentales.eu\/wp-content\/uploads\/2023\/04\/Sylvain-Patte-150x150.jpg 150w\" sizes=\"auto, (max-width: 300px) 100vw, 300px\" \/><\/figure>\n<\/div>\n\n\n<p>Sylvain Patte a \u00e9tudi\u00e9 la sculpture ornementale en Belgique, puis a explor\u00e9 la danse et le design, constamment \u00e0 la recherche de la beaut\u00e9 et de l\u2019\u00e9quilibre des mouvements. En 2007, il d\u00e9couvre la pierre et d\u00e9cide de se consacrer principalement \u00e0 la sculpture sur pierre. Il a particip\u00e9 \u00e0 de nombreux symposiums internationaux&nbsp;: Belgique, France, Canada, Turquie, Arabie Saoudite, Egypte, Nouvelle Z\u00e9lande, Inde, Chine\u2026 Ses sculptures peuvent s\u2019appr\u00e9cier dans de nombreuses villes \u00e0 travers le monde. Il travaille \u00e9galement sur des projets d\u2019embellissement de lieux publics et de restauration du patrimoine. Son travail na\u00eet d\u2019une observation de la nature, de l\u2019architecture contemporaine et des rapports de force et de proportions naturellement pr\u00e9sents sur terre et dans l\u2019univers. Il est souvent inspir\u00e9 par des techniques de pliage de papier ou de mat\u00e9riaux souples, ce qui donne \u00e0 l\u2019\u0153uvre une forme improbable, souvent paradoxale.&nbsp;<\/p>\n\n\n\n<h3 class=\"wp-block-heading\">Le projet&nbsp;: \u00ab&nbsp;Expansion \u00bb<\/h3>\n\n\n<div class=\"wp-block-image\">\n<figure class=\"aligncenter size-large\"><img loading=\"lazy\" decoding=\"async\" width=\"1024\" height=\"824\" src=\"http:\/\/sculptures-monumentales.eu\/wp-content\/uploads\/2023\/04\/Expansion-Sylvain-Patte-1024x824.jpg\" alt=\"\" class=\"wp-image-398\" srcset=\"https:\/\/sculptures-monumentales.eu\/wp-content\/uploads\/2023\/04\/Expansion-Sylvain-Patte-1024x824.jpg 1024w, https:\/\/sculptures-monumentales.eu\/wp-content\/uploads\/2023\/04\/Expansion-Sylvain-Patte-300x241.jpg 300w, https:\/\/sculptures-monumentales.eu\/wp-content\/uploads\/2023\/04\/Expansion-Sylvain-Patte-768x618.jpg 768w, https:\/\/sculptures-monumentales.eu\/wp-content\/uploads\/2023\/04\/Expansion-Sylvain-Patte-1536x1236.jpg 1536w, https:\/\/sculptures-monumentales.eu\/wp-content\/uploads\/2023\/04\/Expansion-Sylvain-Patte-2048x1648.jpg 2048w, https:\/\/sculptures-monumentales.eu\/wp-content\/uploads\/2023\/04\/Expansion-Sylvain-Patte-1200x966.jpg 1200w, https:\/\/sculptures-monumentales.eu\/wp-content\/uploads\/2023\/04\/Expansion-Sylvain-Patte-1980x1594.jpg 1980w\" sizes=\"auto, (max-width: 1024px) 100vw, 1024px\" \/><\/figure>\n<\/div>\n\n\n<p>Il s\u2019agit d\u2019une \u00ab&nbsp;revisite invers\u00e9e&nbsp;\u00bb du projet \u00ab&nbsp;Expansion&nbsp;\u00bb r\u00e9alis\u00e9 d\u00e9but 2023 en Arabie Saoudite pour la ville de Riyadh \u00e0 l\u2019occasion d\u2019un des plus prestigieux \u00e9v\u00e9nements internationaux de sculpture. Au d\u00e9part d\u2019un bloc brut de forme irr\u00e9guli\u00e8re, l\u2019artiste le transforme en y insufflant un jeu subtil d\u2019\u00e9quilibre et de contrastes. Ce faisant, il cr\u00e9e une pi\u00e8ce unique, une sculpture qui incarne son style et son regard sur le monde actuel\u2026<\/p>\n\n\n\n<div style=\"height:75px\" aria-hidden=\"true\" class=\"wp-block-spacer\"><\/div>\n\n\n\n<h2 class=\"wp-block-heading\">Guillaume V-Ander (France)<\/h2>\n\n\n<div class=\"wp-block-image\">\n<figure class=\"aligncenter size-full is-resized\"><img loading=\"lazy\" decoding=\"async\" width=\"630\" height=\"910\" src=\"http:\/\/sculptures-monumentales.eu\/wp-content\/uploads\/2023\/04\/GVANDER-Photo.png\" alt=\"\" class=\"wp-image-399\" style=\"width:313px;height:452px\" srcset=\"https:\/\/sculptures-monumentales.eu\/wp-content\/uploads\/2023\/04\/GVANDER-Photo.png 630w, https:\/\/sculptures-monumentales.eu\/wp-content\/uploads\/2023\/04\/GVANDER-Photo-208x300.png 208w\" sizes=\"auto, (max-width: 630px) 100vw, 630px\" \/><\/figure>\n<\/div>\n\n\n<p>La taille de la pierre est affaire de famille dans le cas de Guillaume V-Ander ( Guillaume Vandermarli\u00e8re) originaire de Comines (France). Il est devenu tailleur de pierre en monuments historiques, par choix, &nbsp;\u00e0 l\u2019\u00e2ge de 16 ans &nbsp;et s\u2019est ensuite form\u00e9 au design pendant 5 ans, d\u2019aboird \u00e0 l\u2019Institut St Luc de Tournai puis l\u2019Academy de Design d\u2019Eindhoven (Pays Bas), avec, comme but \u00e9vident, de revenir dans l\u2019entreprise familiale pour y \u00ab&nbsp;tailler le caillou&nbsp;\u00bb ce qui s\u2019est fait en 2009. Il a aussi accumul\u00e9 les exp\u00e9riences en voyageant&nbsp; \u00e0 travers la France, riches d\u2019enseignements et de r\u00e9v\u00e9lations. En chaque lieu, ce sera pour y apprendre des techniques de fa\u00e7onnage, constater la vari\u00e9t\u00e9 des mat\u00e9riaux, \u00e9tudier la singularit\u00e9 de cas complexes ou l\u2019humilit\u00e9 des r\u00e9alisations&nbsp;: tant d\u2019acquis engrang\u00e9s dans le vaste bouillon de culture de la pierre et du marbre. Depuis, Guillaume, \u00e0 c\u00f4t\u00e9 de son activit\u00e9 de taille pour des \u00e9l\u00e9ments d\u2019habitations ou fun\u00e9raires, a d\u00e9velopp\u00e9 son d\u00e9partement design\/sculpture pour la cr\u00e9ation de mobilier et de sculptures. Il a \u00e9galement, \u00e0 son actif, plusieurs expositions dans le cadre des Journ\u00e9es du Patrimoine ou des M\u00e9tiers d\u2019Art. Il a d\u00e9couvert, en tant que spectateur, la sculpture monumentale lors des Rencontres 2018 \u00e0 Soignies, ce qui l\u2019a inspir\u00e9 et lui a donn\u00e9 l\u2019envie d\u2019y participer.<\/p>\n\n\n\n<p>Travailler la pierre de Soignies est un plaisir pour lui. Sa participation aux 7\u00e8mes Rencontres internationales de sculpture monumentale \u00e0 Soignies lui permet d\u2019allier tradition et cr\u00e9ation.<\/p>\n\n\n\n<h4 class=\"wp-block-heading\">Le projet&nbsp;: \u00ab&nbsp;Par la fen\u00eatre \u00bb<\/h4>\n\n\n<div class=\"wp-block-image\">\n<figure class=\"aligncenter size-large\"><img loading=\"lazy\" decoding=\"async\" width=\"731\" height=\"1024\" src=\"http:\/\/sculptures-monumentales.eu\/wp-content\/uploads\/2023\/04\/ProjetV-Ander-731x1024.jpg\" alt=\"\" class=\"wp-image-400\" srcset=\"https:\/\/sculptures-monumentales.eu\/wp-content\/uploads\/2023\/04\/ProjetV-Ander-731x1024.jpg 731w, https:\/\/sculptures-monumentales.eu\/wp-content\/uploads\/2023\/04\/ProjetV-Ander-214x300.jpg 214w, https:\/\/sculptures-monumentales.eu\/wp-content\/uploads\/2023\/04\/ProjetV-Ander-768x1075.jpg 768w, https:\/\/sculptures-monumentales.eu\/wp-content\/uploads\/2023\/04\/ProjetV-Ander-1097x1536.jpg 1097w, https:\/\/sculptures-monumentales.eu\/wp-content\/uploads\/2023\/04\/ProjetV-Ander-1463x2048.jpg 1463w, https:\/\/sculptures-monumentales.eu\/wp-content\/uploads\/2023\/04\/ProjetV-Ander-1200x1680.jpg 1200w, https:\/\/sculptures-monumentales.eu\/wp-content\/uploads\/2023\/04\/ProjetV-Ander-1980x2772.jpg 1980w, https:\/\/sculptures-monumentales.eu\/wp-content\/uploads\/2023\/04\/ProjetV-Ander-scaled.jpg 1829w\" sizes=\"auto, (max-width: 731px) 100vw, 731px\" \/><\/figure>\n<\/div>\n\n\n<p>On conna\u00eet tous une personne qui passe une partie de son temps \u00e0 regarder par la fen\u00eatre\u2026 Passer le temps\u2026 \u00e0 regarder le temps qui passe. Passe-temps des vieilles g\u00e9n\u00e9rations car, avec le temps, personne n\u2019a le temps\u2026 Dans ce projet, l\u2019artiste a envie de mettre en avant cette g\u00e9n\u00e9ration de \u00ab&nbsp;vieux sages&nbsp;\u00bb qui prenaient le temps. Figer cet instant qui pouvait durer des heures. Rappeler aux gens de ralentir, de (re)prendre le temps\u2026 Recr\u00e9er une ouverture dans l\u2019Espace-Temps.<\/p>\n\n\n\n<div style=\"height:75px\" aria-hidden=\"true\" class=\"wp-block-spacer\"><\/div>\n\n\n\n<h2 class=\"wp-block-heading\">Karl-Ulrich Schwander (Uli Schwander) (Allemagne)<\/h2>\n\n\n<div class=\"wp-block-image\">\n<figure class=\"aligncenter size-full\"><img loading=\"lazy\" decoding=\"async\" width=\"602\" height=\"694\" src=\"http:\/\/sculptures-monumentales.eu\/wp-content\/uploads\/2023\/05\/3.2Uli-Schwanderpersonal-photo.jpg\" alt=\"\" class=\"wp-image-437\" srcset=\"https:\/\/sculptures-monumentales.eu\/wp-content\/uploads\/2023\/05\/3.2Uli-Schwanderpersonal-photo.jpg 602w, https:\/\/sculptures-monumentales.eu\/wp-content\/uploads\/2023\/05\/3.2Uli-Schwanderpersonal-photo-260x300.jpg 260w\" sizes=\"auto, (max-width: 602px) 100vw, 602px\" \/><\/figure>\n<\/div>\n\n\n<p>Cet artiste d\u2019origine allemande a \u00e9tudi\u00e9 la philosophie aux Universit\u00e9s de Fribourg et de Grenade et la sculpture \u00e0 la FKSM de Fribourg. Il a particip\u00e9 \u00e0 de tr\u00e8s nombreux symposiums \u00e0 travers le monde apr\u00e8s une premi\u00e8re exp\u00e9rience &nbsp;en 1992 en Auvergne. &nbsp;. On retrouve ses sculptures dans des espaces publics un peu partout dans le monde. Il a de \u00e9galement de nombreuses expositions \u00e0 son actif et a obtenu plusieurs prix en Allemagne et en Espagne. Il aime d\u00e9velopper des projets d\u2019art contemporain dans des contextes tant urbains que naturels.&nbsp;<\/p>\n\n\n\n<h3 class=\"wp-block-heading\">Le projet : \u00ab Luggage to take to another planet&nbsp;\u00bb&nbsp;<\/h3>\n\n\n\n<p>A travers ce projet, l\u2019artiste entend rappeler le probl\u00e8me galopant du nombre sans cesse croissant de r\u00e9gions de notre plan\u00e8te qui se trouvent face \u00e0 la disparition de l\u2019eau suite au r\u00e9chauffement climatique caus\u00e9 par la destruction massive de la nature par l&#8217;homme. Son constat est que nous sommes surtout tourn\u00e9s vers la consommation et ancr\u00e9s dans une une soci\u00e9t\u00e9 du jetable. L\u2019oeuvre se veut une r\u00e9flexion sur le fait de pouvoir peupler une autre plan\u00e8te apr\u00e8s avoir exploit\u00e9 et d\u00e9truit notre unique terre.<\/p>\n\n\n<div class=\"wp-block-image\">\n<figure class=\"aligncenter size-large\"><img loading=\"lazy\" decoding=\"async\" width=\"740\" height=\"1024\" src=\"http:\/\/sculptures-monumentales.eu\/wp-content\/uploads\/2023\/05\/1.4LUGGAGE-TO-EMIGRATE-TO-ANOTHER-PLANETdrawingdimensions-740x1024.jpg\" alt=\"\" class=\"wp-image-438\" srcset=\"https:\/\/sculptures-monumentales.eu\/wp-content\/uploads\/2023\/05\/1.4LUGGAGE-TO-EMIGRATE-TO-ANOTHER-PLANETdrawingdimensions-740x1024.jpg 740w, https:\/\/sculptures-monumentales.eu\/wp-content\/uploads\/2023\/05\/1.4LUGGAGE-TO-EMIGRATE-TO-ANOTHER-PLANETdrawingdimensions-217x300.jpg 217w, https:\/\/sculptures-monumentales.eu\/wp-content\/uploads\/2023\/05\/1.4LUGGAGE-TO-EMIGRATE-TO-ANOTHER-PLANETdrawingdimensions-768x1062.jpg 768w, https:\/\/sculptures-monumentales.eu\/wp-content\/uploads\/2023\/05\/1.4LUGGAGE-TO-EMIGRATE-TO-ANOTHER-PLANETdrawingdimensions-1111x1536.jpg 1111w, https:\/\/sculptures-monumentales.eu\/wp-content\/uploads\/2023\/05\/1.4LUGGAGE-TO-EMIGRATE-TO-ANOTHER-PLANETdrawingdimensions-1200x1660.jpg 1200w, https:\/\/sculptures-monumentales.eu\/wp-content\/uploads\/2023\/05\/1.4LUGGAGE-TO-EMIGRATE-TO-ANOTHER-PLANETdrawingdimensions.jpg 1446w\" sizes=\"auto, (max-width: 740px) 100vw, 740px\" \/><\/figure>\n<\/div>\n\n\n<p><a class=\"\" href=\"http:\/\/www.uli-schwander.com\/\">http:\/\/www.uli-schwander.com<\/a><\/p>\n\n\n\n<div style=\"height:75px\" aria-hidden=\"true\" class=\"wp-block-spacer\"><\/div>\n\n\n\n<h2 class=\"wp-block-heading\">Sahar Khalaji (Iran)<\/h2>\n\n\n<div class=\"wp-block-image\">\n<figure class=\"aligncenter size-full is-resized\"><img loading=\"lazy\" decoding=\"async\" width=\"671\" height=\"895\" src=\"http:\/\/sculptures-monumentales.eu\/wp-content\/uploads\/2023\/04\/sahar_kalaji.jpg\" alt=\"\" class=\"wp-image-404\" style=\"width:287px;height:382px\" srcset=\"https:\/\/sculptures-monumentales.eu\/wp-content\/uploads\/2023\/04\/sahar_kalaji.jpg 671w, https:\/\/sculptures-monumentales.eu\/wp-content\/uploads\/2023\/04\/sahar_kalaji-225x300.jpg 225w\" sizes=\"auto, (max-width: 671px) 100vw, 671px\" \/><\/figure>\n<\/div>\n\n\n<p>Sahar Khalaji est originaire de Karaj en Iran. Elle a \u00e9tudi\u00e9 la sculpture \u00e0 la Tehran University of Art et est membre permanente de la \u00ab&nbsp;Association of Iranian Sculptors Society&nbsp;\u00bb.<\/p>\n\n\n\n<p>Ses travaux, de facture contemporaine, ont \u00e9t\u00e9 expos\u00e9s en Iran, en Albanie en Gr\u00e8ce et \u00e0 Duba\u00ef.<\/p>\n\n\n\n<p>Elle a \u00e9galement particip\u00e9 \u00e0 des symposiums en Iran et en Italie.<\/p>\n\n\n\n<h3 class=\"wp-block-heading\">Le projet : <\/h3>\n\n\n<div class=\"wp-block-image\">\n<figure class=\"aligncenter size-large is-resized\"><img loading=\"lazy\" decoding=\"async\" width=\"1024\" height=\"453\" src=\"http:\/\/sculptures-monumentales.eu\/wp-content\/uploads\/2023\/04\/sahar-project-1024x453.jpg\" alt=\"\" class=\"wp-image-403\" style=\"width:610px;height:269px\" srcset=\"https:\/\/sculptures-monumentales.eu\/wp-content\/uploads\/2023\/04\/sahar-project-1024x453.jpg 1024w, https:\/\/sculptures-monumentales.eu\/wp-content\/uploads\/2023\/04\/sahar-project-300x133.jpg 300w, https:\/\/sculptures-monumentales.eu\/wp-content\/uploads\/2023\/04\/sahar-project-768x340.jpg 768w, https:\/\/sculptures-monumentales.eu\/wp-content\/uploads\/2023\/04\/sahar-project-1536x680.jpg 1536w, https:\/\/sculptures-monumentales.eu\/wp-content\/uploads\/2023\/04\/sahar-project-1200x531.jpg 1200w, https:\/\/sculptures-monumentales.eu\/wp-content\/uploads\/2023\/04\/sahar-project-1980x877.jpg 1980w, https:\/\/sculptures-monumentales.eu\/wp-content\/uploads\/2023\/04\/sahar-project.jpg 2024w\" sizes=\"auto, (max-width: 1024px) 100vw, 1024px\" \/><\/figure>\n<\/div>\n\n\n<div style=\"height:75px\" aria-hidden=\"true\" class=\"wp-block-spacer\"><\/div>\n\n\n\n<h2 class=\"wp-block-heading\">Pedro Jordan (Espagne)<\/h2>\n\n\n<div class=\"wp-block-image\">\n<figure class=\"aligncenter size-full\"><img loading=\"lazy\" decoding=\"async\" width=\"506\" height=\"744\" src=\"http:\/\/sculptures-monumentales.eu\/wp-content\/uploads\/2023\/04\/Pedro_Jordan.jpg\" alt=\"\" class=\"wp-image-430\" srcset=\"https:\/\/sculptures-monumentales.eu\/wp-content\/uploads\/2023\/04\/Pedro_Jordan.jpg 506w, https:\/\/sculptures-monumentales.eu\/wp-content\/uploads\/2023\/04\/Pedro_Jordan-204x300.jpg 204w\" sizes=\"auto, (max-width: 506px) 100vw, 506px\" \/><\/figure>\n<\/div>\n\n\n<p>Sculpteur professionnel espagnol, Pedro Jordan participe depuis longtemps \u00e0 des symposiums, des rencontres et des activit\u00e9s relatives au monde de la sculpture. Il a suivi les cours de sculpture \u00e0 l\u2019Universit\u00e9 Carlos III de Madrid et \u00e0 l\u2019Acad\u00e9mie priv\u00e9e de sculpture&nbsp; Gomez Ascaso de Saragosse. Il aime particuli\u00e8rement les rencontres avec les autres sculpteurs et d\u00e9couvrir la diversit\u00e9 des pierres \u00e0 travers le monde. Il a expos\u00e9 ses \u0153uvres en Espagne, aux Etats-Unis et en Allemagne. Il a \u00e9galement particip\u00e9 \u00e0 des symposiums en Espagne, au Canada, en Chine, en Russie, au Danemark, en Italie, en France, en Turquie, en Allemagne, en Suisse, en Roumanie, \u00e0 Chypre, en Isra\u00ebl, en R\u00e9publique Tch\u00e8que et en Egypte.<\/p>\n\n\n\n<h3 class=\"wp-block-heading\">Le projet&nbsp;: Growth<\/h3>\n\n\n<div class=\"wp-block-image\">\n<figure class=\"aligncenter size-large\"><img loading=\"lazy\" decoding=\"async\" width=\"540\" height=\"1024\" src=\"http:\/\/sculptures-monumentales.eu\/wp-content\/uploads\/2023\/04\/Growth-540x1024.jpg\" alt=\"\" class=\"wp-image-429\" srcset=\"https:\/\/sculptures-monumentales.eu\/wp-content\/uploads\/2023\/04\/Growth-540x1024.jpg 540w, https:\/\/sculptures-monumentales.eu\/wp-content\/uploads\/2023\/04\/Growth-158x300.jpg 158w, https:\/\/sculptures-monumentales.eu\/wp-content\/uploads\/2023\/04\/Growth-768x1456.jpg 768w, https:\/\/sculptures-monumentales.eu\/wp-content\/uploads\/2023\/04\/Growth-810x1536.jpg 810w, https:\/\/sculptures-monumentales.eu\/wp-content\/uploads\/2023\/04\/Growth.jpg 905w\" sizes=\"auto, (max-width: 540px) 100vw, 540px\" \/><\/figure>\n<\/div>\n\n\n<p>C&#8217;est une repr\u00e9sentation symbolique de l&#8217;id\u00e9e d&#8217;ascension, de croissance, qui nous rappelle le d\u00e9veloppement v\u00e9g\u00e9tal, toujours \u00e0 la recherche d&#8217;air et de lumi\u00e8re.&nbsp;Dans ce processus, il doit, pour vivre, s&#8217;adapter aux difficult\u00e9s, changer de direction, se courber et se tordre.<\/p>\n\n\n\n<p>Il \u00e9voque, par m\u00e9taphore, avec cette sculpture, la croissance personnelle qui nous impose aussi de nous adapter \u00e0 des circonstances diff\u00e9rentes chaque jour.<\/p>\n\n\n\n<p>Deux textures diff\u00e9rentes : la partie ext\u00e9rieure ponc\u00e9e et polie et, \u00e0 l\u2019int\u00e9rieur, une texture rugueuse pour amener le contraste.<\/p>\n\n\n\n<div style=\"height:75px\" aria-hidden=\"true\" class=\"wp-block-spacer\"><\/div>\n\n\n\n<h2 class=\"wp-block-heading\">Fabrice Bellery (Belgique)<\/h2>\n\n\n<div class=\"wp-block-image\">\n<figure class=\"aligncenter size-large\"><img loading=\"lazy\" decoding=\"async\" width=\"1024\" height=\"683\" src=\"http:\/\/sculptures-monumentales.eu\/wp-content\/uploads\/2023\/04\/FB-1024x683.jpg\" alt=\"\" class=\"wp-image-417\" srcset=\"https:\/\/sculptures-monumentales.eu\/wp-content\/uploads\/2023\/04\/FB-1024x683.jpg 1024w, https:\/\/sculptures-monumentales.eu\/wp-content\/uploads\/2023\/04\/FB-300x200.jpg 300w, https:\/\/sculptures-monumentales.eu\/wp-content\/uploads\/2023\/04\/FB-768x512.jpg 768w, https:\/\/sculptures-monumentales.eu\/wp-content\/uploads\/2023\/04\/FB.jpg 1079w\" sizes=\"auto, (max-width: 1024px) 100vw, 1024px\" \/><\/figure>\n<\/div>\n\n\n<p>Originaire d\u2019Andenne et pr\u00e9f\u00e9rant \u00eatre form\u00e9 par son mentor, Tonio Torres, plut\u00f4t que de choisir la voie d\u2019une \u00e9cole artistique, Fabrice Bellery, alias \u00ab&nbsp;Stoneman&nbsp;\u00bb &nbsp;a appris, en autodidacte, tous les requis n\u00e9cessaires pour le m\u00e9tier de sculpteur. Il s\u2019est lanc\u00e9 dans un univers urbain rythm\u00e9 par les influences jama\u00efcaines et s\u2019inspire aussi du monde la BD, des mangas, des jouets. Amoureux de dessin et de musique, l\u2019inspiration fait partie de la culture de sa vie.&nbsp;Outre son activit\u00e9 de sculpteur, il est aussi chanteur dans le groupe \u00ab&nbsp;Atomic Spliff&nbsp;\u00bb ou en solo dans le projet \u00ab&nbsp;Stoneman Belgiuma\u00efca&nbsp;\u00bb. C\u2019est sa troisi\u00e8me participation aux Rencontres internationales de Sculpture de Soignies.<\/p>\n\n\n\n<h3 class=\"wp-block-heading\">Le projet&nbsp;: &#8220;Changement (The Doors)&#8221;  <\/h3>\n\n\n<div class=\"wp-block-image\">\n<figure class=\"aligncenter size-large\"><img loading=\"lazy\" decoding=\"async\" width=\"822\" height=\"1024\" src=\"http:\/\/sculptures-monumentales.eu\/wp-content\/uploads\/2023\/04\/Projet_TheDoors-822x1024.jpg\" alt=\"\" class=\"wp-image-418\" srcset=\"https:\/\/sculptures-monumentales.eu\/wp-content\/uploads\/2023\/04\/Projet_TheDoors-822x1024.jpg 822w, https:\/\/sculptures-monumentales.eu\/wp-content\/uploads\/2023\/04\/Projet_TheDoors-241x300.jpg 241w, https:\/\/sculptures-monumentales.eu\/wp-content\/uploads\/2023\/04\/Projet_TheDoors-768x956.jpg 768w, https:\/\/sculptures-monumentales.eu\/wp-content\/uploads\/2023\/04\/Projet_TheDoors-1234x1536.jpg 1234w, https:\/\/sculptures-monumentales.eu\/wp-content\/uploads\/2023\/04\/Projet_TheDoors-1645x2048.jpg 1645w, https:\/\/sculptures-monumentales.eu\/wp-content\/uploads\/2023\/04\/Projet_TheDoors-1200x1494.jpg 1200w, https:\/\/sculptures-monumentales.eu\/wp-content\/uploads\/2023\/04\/Projet_TheDoors-1980x2465.jpg 1980w\" sizes=\"auto, (max-width: 822px) 100vw, 822px\" \/><\/figure>\n<\/div>\n\n\n<p>C\u2019est un passage, une ouverture vers le futur. Une \u00e9volution ou parfois une r\u00e9gression. Un appel \u00e0 la r\u00e9flexion et \u00e0 la prise de conscience.<\/p>\n","protected":false},"excerpt":{"rendered":"<p>Les 7\u00e8mes \u00ab\u00a0Rencontres internationales de Sculpture monumentale\u00a0\u00bb accueilleront, en 2026, six sculpteurs qui cr\u00e9eront, chacun et trois semaines durant, une oeuvre monumentale extraite d\u2019un bloc de pierre issu des carri\u00e8res son\u00e9giennes. Lors de l&#8217;\u00e9dition 2023, 18 candidat.e.s issu.e.s des 4 coins du monde avaient d\u00e9pos\u00e9 leur candidature pour cette \u00e9dition. Vu la qualit\u00e9 des projets [&hellip;]<\/p>\n","protected":false},"author":1,"featured_media":0,"parent":0,"menu_order":0,"comment_status":"closed","ping_status":"closed","template":"templates\/template-full-width.php","meta":{"footnotes":""},"class_list":["post-23","page","type-page","status-publish","hentry"],"_links":{"self":[{"href":"https:\/\/sculptures-monumentales.eu\/index.php\/wp-json\/wp\/v2\/pages\/23","targetHints":{"allow":["GET"]}}],"collection":[{"href":"https:\/\/sculptures-monumentales.eu\/index.php\/wp-json\/wp\/v2\/pages"}],"about":[{"href":"https:\/\/sculptures-monumentales.eu\/index.php\/wp-json\/wp\/v2\/types\/page"}],"author":[{"embeddable":true,"href":"https:\/\/sculptures-monumentales.eu\/index.php\/wp-json\/wp\/v2\/users\/1"}],"replies":[{"embeddable":true,"href":"https:\/\/sculptures-monumentales.eu\/index.php\/wp-json\/wp\/v2\/comments?post=23"}],"version-history":[{"count":28,"href":"https:\/\/sculptures-monumentales.eu\/index.php\/wp-json\/wp\/v2\/pages\/23\/revisions"}],"predecessor-version":[{"id":465,"href":"https:\/\/sculptures-monumentales.eu\/index.php\/wp-json\/wp\/v2\/pages\/23\/revisions\/465"}],"wp:attachment":[{"href":"https:\/\/sculptures-monumentales.eu\/index.php\/wp-json\/wp\/v2\/media?parent=23"}],"curies":[{"name":"wp","href":"https:\/\/api.w.org\/{rel}","templated":true}]}}