{"id":12,"date":"2022-02-06T15:26:43","date_gmt":"2022-02-06T14:26:43","guid":{"rendered":"http:\/\/sculptures-monumentales.eu\/?page_id=12"},"modified":"2026-03-18T15:30:59","modified_gmt":"2026-03-18T14:30:59","slug":"presentation","status":"publish","type":"page","link":"https:\/\/sculptures-monumentales.eu\/index.php\/presentation\/","title":{"rendered":"Pr\u00e9sentation"},"content":{"rendered":"\n<p>Le Centre culturel de Soignies, l\u2019Office communal du Tourisme et la Ville de Soignies organisent du 10 ao\u00fbt au 29 ao\u00fbt 2026 \u00ab LA PIERRE BLEUE S\u2019ECLATE A SOIGNIES \u00bb, 8\u00e8mes \u00ab\u00a0Rencontres internationales de Sculpture monumentale\u00a0\u00bb en \u00e9troit partenariat avec les \u00ab\u00a0Carri\u00e8res du Hainaut\u00a0\u00bb, \u00ab\u00a0La Pierre bleue belge\u00a0\u00bb et le \u00ab\u00a0P\u00f4le de la Pierre\u00a0\u00bb (AWaP).\u00a0<\/p>\n\n\n\n<p>Les premi\u00e8res traces d&#8217;utilisation de mat\u00e9riaux pierreux \u00e0 Soignies datent du&nbsp;II<sup class=\"\">e<\/sup>&nbsp;ou du&nbsp;III<sup class=\"\">e<\/sup>&nbsp;si\u00e8cle et le d\u00e9but de l\u2019exploitation, n\u00e9cessitant des syst\u00e8mes d\u2019extraction, remonte au premier quart du XV\u00e8me si\u00e8cle. Terre de carri\u00e8res et de pierres, la cit\u00e9 hennuy\u00e8re id\u00e9alement situ\u00e9e \u00e0 mi-chemin entre Bruxelles et la fronti\u00e8re fran\u00e7aise, distante d\u2019\u00e0 peine 40 km, &nbsp;s\u2019est naturellement impos\u00e9e en tant qu\u2019\u00e9crin id\u00e9al pour des &#8220;Rencontres internationales de Sculpture monumentale&nbsp;\u00bb. A Soignies, la pierre est omnipr\u00e9sente dans le b\u00e2ti, au gr\u00e9 de ses fa\u00e7ades rues et ruelles, mais aussi dans le coeur de la population.<\/p>\n\n\n\n<p>Cette manifestation prendra la forme d\u2019une r\u00e9sidence d\u2019artistes ayant pour objectif d\u2019extraire, de blocs de pierre, des \u0153uvres artistiques monumentales qui permettront de mettre en valeur les ressources locales de Soignies et les comp\u00e9tences qui s\u2019y sont d\u00e9velopp\u00e9es au fil du temps tout en assurant la promotion des artistes participant \u00e0 la manifestation.&nbsp;<\/p>\n\n\n\n<p>Les oeuvres devront pouvoir s\u2019int\u00e9grer dans des espaces aux caract\u00e8res sp\u00e9cifiques tels des places publiques, des lieux asphalt\u00e9s ou pav\u00e9s aux destin\u00e9es diverses mais coexistantes (parking, espace de rencontres, de m\u00e9moire ou de repos, de jeux, d\u2019animations, de march\u00e9s\u2026). C\u2019est dans cet esprit que l\u2019\u0153uvre devra \u00eatre visible sous toutes ses faces et pourra \u00eatre pos\u00e9e \u00e0 m\u00eame le sol.<\/p>\n\n\n\n<p>La th\u00e9matique retenue pour cette 8\u1d49 \u00e9dition est<strong> \u00ab Le temps qui passe \u00bb <\/strong>qui ouvre un large champ d\u2019interpr\u00e9tations artistiques tout en s\u2019int\u00e9grant dans le contexte plus g\u00e9n\u00e9ral de l\u2019histoire de la Ville de Soignies. <\/p>\n\n\n\n<p>Les sculptures seront des \u0153uvres originales et seront r\u00e9alis\u00e9es dans des blocs de pierre bleue de Soignies. L\u2019artiste sera invit\u00e9 \u00e0 choisir un bloc brut en carri\u00e8re. Le volume des blocs ne pourra d\u00e9passer 1 m\u00e8tre cube.<\/p>\n\n\n\n<p>Cet \u00e9v\u00e9nement se d\u00e9roulera du 10 au 29 ao\u00fbt 2026 \u00e0 Soignies. Les artistes travailleront leur pierre au P\u00f4le de la Pierre du 10 au 21 ao\u00fbt puis en centre-ville, &nbsp;au pied de l\u2019Espace Culturel Victor Jara, du 22 au 29 ao\u00fbt.<\/p>\n","protected":false},"excerpt":{"rendered":"<p>Le Centre culturel de Soignies, l\u2019Office communal du Tourisme et la Ville de Soignies organisent du 10 ao\u00fbt au 29 ao\u00fbt 2026 \u00ab LA PIERRE BLEUE S\u2019ECLATE A SOIGNIES \u00bb, 8\u00e8mes \u00ab\u00a0Rencontres internationales de Sculpture monumentale\u00a0\u00bb en \u00e9troit partenariat avec les \u00ab\u00a0Carri\u00e8res du Hainaut\u00a0\u00bb, \u00ab\u00a0La Pierre bleue belge\u00a0\u00bb et le \u00ab\u00a0P\u00f4le de la Pierre\u00a0\u00bb (AWaP).\u00a0 [&hellip;]<\/p>\n","protected":false},"author":1,"featured_media":0,"parent":0,"menu_order":0,"comment_status":"closed","ping_status":"closed","template":"templates\/template-full-width.php","meta":{"footnotes":""},"class_list":["post-12","page","type-page","status-publish","hentry"],"_links":{"self":[{"href":"https:\/\/sculptures-monumentales.eu\/index.php\/wp-json\/wp\/v2\/pages\/12","targetHints":{"allow":["GET"]}}],"collection":[{"href":"https:\/\/sculptures-monumentales.eu\/index.php\/wp-json\/wp\/v2\/pages"}],"about":[{"href":"https:\/\/sculptures-monumentales.eu\/index.php\/wp-json\/wp\/v2\/types\/page"}],"author":[{"embeddable":true,"href":"https:\/\/sculptures-monumentales.eu\/index.php\/wp-json\/wp\/v2\/users\/1"}],"replies":[{"embeddable":true,"href":"https:\/\/sculptures-monumentales.eu\/index.php\/wp-json\/wp\/v2\/comments?post=12"}],"version-history":[{"count":8,"href":"https:\/\/sculptures-monumentales.eu\/index.php\/wp-json\/wp\/v2\/pages\/12\/revisions"}],"predecessor-version":[{"id":481,"href":"https:\/\/sculptures-monumentales.eu\/index.php\/wp-json\/wp\/v2\/pages\/12\/revisions\/481"}],"wp:attachment":[{"href":"https:\/\/sculptures-monumentales.eu\/index.php\/wp-json\/wp\/v2\/media?parent=12"}],"curies":[{"name":"wp","href":"https:\/\/api.w.org\/{rel}","templated":true}]}}

Présentation

<p>Le Centre culturel de Soignies, l’Office communal du Tourisme et la Ville de Soignies organisent du 10 août au 29 août 2026 « LA PIERRE BLEUE S’ECLATE A SOIGNIES », 8èmes « Rencontres internationales de Sculpture monumentale » en étroit partenariat avec les « Carrières du Hainaut », « La Pierre bleue belge » et le « Pôle de la Pierre » (AWaP). </p>



<p>Les premières traces d&#8217;utilisation de matériaux pierreux à Soignies datent du&nbsp;II<sup class="">e</sup>&nbsp;ou du&nbsp;III<sup class="">e</sup>&nbsp;siècle et le début de l’exploitation, nécessitant des systèmes d’extraction, remonte au premier quart du XVème siècle. Terre de carrières et de pierres, la cité hennuyère idéalement située à mi-chemin entre Bruxelles et la frontière française, distante d’à peine 40 km, &nbsp;s’est naturellement imposée en tant qu’écrin idéal pour des &#8220;Rencontres internationales de Sculpture monumentale&nbsp;». A Soignies, la pierre est omniprésente dans le bâti, au gré de ses façades rues et ruelles, mais aussi dans le coeur de la population.</p>



<p>Cette manifestation prendra la forme d’une résidence d’artistes ayant pour objectif d’extraire, de blocs de pierre, des œuvres artistiques monumentales qui permettront de mettre en valeur les ressources locales de Soignies et les compétences qui s’y sont développées au fil du temps tout en assurant la promotion des artistes participant à la manifestation.&nbsp;</p>



<p>Les oeuvres devront pouvoir s’intégrer dans des espaces aux caractères spécifiques tels des places publiques, des lieux asphaltés ou pavés aux destinées diverses mais coexistantes (parking, espace de rencontres, de mémoire ou de repos, de jeux, d’animations, de marchés…). C’est dans cet esprit que l’œuvre devra être visible sous toutes ses faces et pourra être posée à même le sol.</p>



<p>La thématique retenue pour cette 8ᵉ édition est<strong> « Le temps qui passe » </strong>qui ouvre un large champ d’interprétations artistiques tout en s’intégrant dans le contexte plus général de l’histoire de la Ville de Soignies. </p>



<p>Les sculptures seront des œuvres originales et seront réalisées dans des blocs de pierre bleue de Soignies. L’artiste sera invité à choisir un bloc brut en carrière. Le volume des blocs ne pourra dépasser 1 mètre cube.</p>



<p>Cet événement se déroulera du 10 au 29 août 2026 à Soignies. Les artistes travailleront leur pierre au Pôle de la Pierre du 10 au 21 août puis en centre-ville, &nbsp;au pied de l’Espace Culturel Victor Jara, du 22 au 29 août.</p>

<p>Le Centre culturel de Soignies, l’Office communal du Tourisme et la Ville de Soignies organisent du 10 août au 29 août 2026 « LA PIERRE BLEUE S’ECLATE A SOIGNIES », 8èmes « Rencontres internationales de Sculpture monumentale » en étroit partenariat avec les « Carrières du Hainaut », « La Pierre bleue belge » et le « Pôle de la Pierre » (AWaP).  [&hellip;]</p>
